{"id":85,"date":"2019-09-02T16:09:22","date_gmt":"2019-09-02T14:09:22","guid":{"rendered":"http:\/\/unbarmanchezmoi.fr\/?page_id=85"},"modified":"2019-09-13T15:24:27","modified_gmt":"2019-09-13T13:24:27","slug":"evenement-professionnel","status":"publish","type":"page","link":"https:\/\/unbarmanchezmoi.fr\/index.php\/evenement-professionnel\/","title":{"rendered":"\u00c9v\u00e9nement  professionnel"},"content":{"rendered":"\t\t<div data-elementor-type=\"wp-post\" data-elementor-id=\"85\" class=\"elementor elementor-85\" data-elementor-settings=\"[]\">\n\t\t\t\t\t\t<div class=\"elementor-inner\">\n\t\t\t\t\t\t\t<div class=\"elementor-section-wrap\">\n\t\t\t\t\t\t\t<section class=\"elementor-section elementor-top-section elementor-element elementor-element-5ea12111 elementor-section-boxed elementor-section-height-default elementor-section-height-default\" data-id=\"5ea12111\" data-element_type=\"section\" data-settings=\"{&quot;shape_divider_top&quot;:&quot;arrow&quot;,&quot;background_background&quot;:&quot;classic&quot;}\">\n\t\t\t\t\t<div class=\"elementor-shape elementor-shape-top\" data-negative=\"false\">\n\t\t\t<svg xmlns=\"http:\/\/www.w3.org\/2000\/svg\" viewBox=\"0 0 700 10\" preserveAspectRatio=\"none\">\n\t<path class=\"elementor-shape-fill\" d=\"M350,10L340,0h20L350,10z\"\/>\n<\/svg>\t\t<\/div>\n\t\t\t\t\t<div class=\"elementor-container elementor-column-gap-default\">\n\t\t\t\t\t\t\t<div class=\"elementor-row\">\n\t\t\t\t\t<div class=\"elementor-column elementor-col-100 elementor-top-column elementor-element elementor-element-67780ff2\" data-id=\"67780ff2\" data-element_type=\"column\">\n\t\t\t<div class=\"elementor-column-wrap elementor-element-populated\">\n\t\t\t\t\t\t\t<div class=\"elementor-widget-wrap\">\n\t\t\t\t\t\t<div class=\"elementor-element elementor-element-4edbd180 elementor-widget elementor-widget-spacer\" data-id=\"4edbd180\" data-element_type=\"widget\" data-widget_type=\"spacer.default\">\n\t\t\t\t<div class=\"elementor-widget-container\">\n\t\t\t\t\t<div class=\"elementor-spacer\">\n\t\t\t<div class=\"elementor-spacer-inner\"><\/div>\n\t\t<\/div>\n\t\t\t\t<\/div>\n\t\t\t\t<\/div>\n\t\t\t\t<div class=\"elementor-element elementor-element-61caf4f0 elementor-widget elementor-widget-heading\" data-id=\"61caf4f0\" data-element_type=\"widget\" data-widget_type=\"heading.default\">\n\t\t\t\t<div class=\"elementor-widget-container\">\n\t\t\t<h2 class=\"elementor-heading-title elementor-size-default\">Ev\u00e9nement professionnel<\/h2>\t\t<\/div>\n\t\t\t\t<\/div>\n\t\t\t\t<div class=\"elementor-element elementor-element-4aed0e93 elementor-arrows-position-inside elementor-pagination-position-outside elementor-widget elementor-widget-image-carousel\" data-id=\"4aed0e93\" data-element_type=\"widget\" data-settings=\"{&quot;slides_to_show&quot;:&quot;2&quot;,&quot;navigation&quot;:&quot;both&quot;,&quot;autoplay&quot;:&quot;yes&quot;,&quot;pause_on_hover&quot;:&quot;yes&quot;,&quot;pause_on_interaction&quot;:&quot;yes&quot;,&quot;autoplay_speed&quot;:5000,&quot;infinite&quot;:&quot;yes&quot;,&quot;speed&quot;:500}\" data-widget_type=\"image-carousel.default\">\n\t\t\t\t<div class=\"elementor-widget-container\">\n\t\t\t\t\t<div class=\"elementor-image-carousel-wrapper swiper-container\" dir=\"ltr\">\n\t\t\t<div class=\"elementor-image-carousel swiper-wrapper\">\n\t\t\t\t\t\t\t\t<div class=\"swiper-slide\"><figure class=\"swiper-slide-inner\"><img class=\"swiper-slide-image\" src=\"https:\/\/unbarmanchezmoi.fr\/wp-content\/uploads\/2019\/09\/pro1-480x400.jpg\" alt=\"pro1\" \/><\/figure><\/div><div class=\"swiper-slide\"><figure class=\"swiper-slide-inner\"><img class=\"swiper-slide-image\" src=\"https:\/\/unbarmanchezmoi.fr\/wp-content\/uploads\/2019\/09\/pro2-480x400.jpg\" alt=\"pro2\" \/><\/figure><\/div><div class=\"swiper-slide\"><figure class=\"swiper-slide-inner\"><img class=\"swiper-slide-image\" src=\"https:\/\/unbarmanchezmoi.fr\/wp-content\/uploads\/2019\/09\/barman-de-dos-480x400.jpg\" alt=\"barman-de-dos\" \/><\/figure><\/div><div class=\"swiper-slide\"><figure class=\"swiper-slide-inner\"><img class=\"swiper-slide-image\" src=\"https:\/\/unbarmanchezmoi.fr\/wp-content\/uploads\/2019\/09\/pro4-480x400.jpg\" alt=\"pro4\" \/><\/figure><\/div>\t\t\t<\/div>\n\t\t\t\t\t\t\t\t\t\t\t\t<div class=\"swiper-pagination\"><\/div>\n\t\t\t\t\t\t\t\t\t\t\t\t\t<div class=\"elementor-swiper-button elementor-swiper-button-prev\">\n\t\t\t\t\t\t<i class=\"eicon-chevron-left\" aria-hidden=\"true\"><\/i>\n\t\t\t\t\t\t<span class=\"elementor-screen-only\">Previous<\/span>\n\t\t\t\t\t<\/div>\n\t\t\t\t\t<div class=\"elementor-swiper-button elementor-swiper-button-next\">\n\t\t\t\t\t\t<i class=\"eicon-chevron-right\" aria-hidden=\"true\"><\/i>\n\t\t\t\t\t\t<span class=\"elementor-screen-only\">Next<\/span>\n\t\t\t\t\t<\/div>\n\t\t\t\t\t\t\t\t\t<\/div>\n\t\t\t\t<\/div>\n\t\t\t\t<\/div>\n\t\t\t\t<div class=\"elementor-element elementor-element-78195145 elementor-widget elementor-widget-text-editor\" data-id=\"78195145\" data-element_type=\"widget\" data-widget_type=\"text-editor.default\">\n\t\t\t\t<div class=\"elementor-widget-container\">\n\t\t\t\t\t\t\t\t<div class=\"elementor-text-editor elementor-clearfix\">\n\t\t\t\t<p>Vous souhaitez cr\u00e9er un \u00e9v\u00e9nement original pour votre entreprise, \u00e0 l\u2019occasion d\u2019un s\u00e9minaire, d\u2019une soir\u00e9e annuelle <br \/>ou de vos lancements de produit.<\/p>\t\t\t\t\t<\/div>\n\t\t\t\t\t\t<\/div>\n\t\t\t\t<\/div>\n\t\t\t\t<div class=\"elementor-element elementor-element-5dcfacc7 elementor-align-center elementor-mobile-align-center elementor-widget elementor-widget-button\" data-id=\"5dcfacc7\" data-element_type=\"widget\" data-widget_type=\"button.default\">\n\t\t\t\t<div class=\"elementor-widget-container\">\n\t\t\t\t\t<div class=\"elementor-button-wrapper\">\n\t\t\t<a href=\"http:\/\/unbarmanchezmoi.fr\/index.php\/devis-professionnel\/\" class=\"elementor-button-link elementor-button elementor-size-lg\" role=\"button\">\n\t\t\t\t\t\t<span class=\"elementor-button-content-wrapper\">\n\t\t\t\t\t\t<span class=\"elementor-button-text\">Devis gratuit<\/span>\n\t\t<\/span>\n\t\t\t\t\t<\/a>\n\t\t<\/div>\n\t\t\t\t<\/div>\n\t\t\t\t<\/div>\n\t\t\t\t<div class=\"elementor-element elementor-element-80540d1 elementor-widget elementor-widget-spacer\" data-id=\"80540d1\" data-element_type=\"widget\" data-widget_type=\"spacer.default\">\n\t\t\t\t<div class=\"elementor-widget-container\">\n\t\t\t\t\t<div class=\"elementor-spacer\">\n\t\t\t<div class=\"elementor-spacer-inner\"><\/div>\n\t\t<\/div>\n\t\t\t\t<\/div>\n\t\t\t\t<\/div>\n\t\t\t\t\t\t<\/div>\n\t\t\t\t\t<\/div>\n\t\t<\/div>\n\t\t\t\t\t\t\t\t<\/div>\n\t\t\t\t\t<\/div>\n\t\t<\/section>\n\t\t\t\t<section class=\"elementor-section elementor-top-section elementor-element elementor-element-729506c4 elementor-section-boxed elementor-section-height-default elementor-section-height-default\" data-id=\"729506c4\" data-element_type=\"section\" data-settings=\"{&quot;shape_divider_top&quot;:&quot;arrow&quot;}\">\n\t\t\t\t\t<div class=\"elementor-shape elementor-shape-top\" data-negative=\"false\">\n\t\t\t<svg xmlns=\"http:\/\/www.w3.org\/2000\/svg\" viewBox=\"0 0 700 10\" preserveAspectRatio=\"none\">\n\t<path class=\"elementor-shape-fill\" d=\"M350,10L340,0h20L350,10z\"\/>\n<\/svg>\t\t<\/div>\n\t\t\t\t\t<div class=\"elementor-container elementor-column-gap-default\">\n\t\t\t\t\t\t\t<div class=\"elementor-row\">\n\t\t\t\t\t<div class=\"elementor-column elementor-col-100 elementor-top-column elementor-element elementor-element-4ae16ee7\" data-id=\"4ae16ee7\" data-element_type=\"column\">\n\t\t\t<div class=\"elementor-column-wrap elementor-element-populated\">\n\t\t\t\t\t\t\t<div class=\"elementor-widget-wrap\">\n\t\t\t\t\t\t<div class=\"elementor-element elementor-element-10a92c57 elementor-widget elementor-widget-heading\" data-id=\"10a92c57\" data-element_type=\"widget\" data-widget_type=\"heading.default\">\n\t\t\t\t<div class=\"elementor-widget-container\">\n\t\t\t<h2 class=\"elementor-heading-title elementor-size-default\">Nous contacter<\/h2>\t\t<\/div>\n\t\t\t\t<\/div>\n\t\t\t\t<div class=\"elementor-element elementor-element-41c617b3 elementor-widget elementor-widget-image\" data-id=\"41c617b3\" data-element_type=\"widget\" data-widget_type=\"image.default\">\n\t\t\t\t<div class=\"elementor-widget-container\">\n\t\t\t\t\t\t\t\t<div class=\"elementor-image\">\n\t\t\t\t\t\t\t\t\t\t\t\t<img width=\"150\" height=\"150\" src=\"https:\/\/unbarmanchezmoi.fr\/wp-content\/uploads\/2019\/09\/logo-un-barmanchezmoi-150x150.png\" class=\"attachment-thumbnail size-thumbnail\" alt=\"\" loading=\"lazy\" srcset=\"https:\/\/unbarmanchezmoi.fr\/wp-content\/uploads\/2019\/09\/logo-un-barmanchezmoi-150x150.png 150w, https:\/\/unbarmanchezmoi.fr\/wp-content\/uploads\/2019\/09\/logo-un-barmanchezmoi-400x400.png 400w\" sizes=\"(max-width: 150px) 100vw, 150px\" \/>\t\t\t\t\t\t\t\t\t\t\t\t\t\t<\/div>\n\t\t\t\t\t\t<\/div>\n\t\t\t\t<\/div>\n\t\t\t\t<div class=\"elementor-element elementor-element-5123b365 elementor-widget elementor-widget-text-editor\" data-id=\"5123b365\" data-element_type=\"widget\" data-widget_type=\"text-editor.default\">\n\t\t\t\t<div class=\"elementor-widget-container\">\n\t\t\t\t\t\t\t\t<div class=\"elementor-text-editor elementor-clearfix\">\n\t\t\t\t<p><strong>06 88 60 91 96 &#8211; <a href=\"mailto:contact@unbarmanchezmoi.fr\">contact@unbarmanchezmoi.fr<\/a><\/strong><\/p><p>91800 Brunoy<\/p>\t\t\t\t\t<\/div>\n\t\t\t\t\t\t<\/div>\n\t\t\t\t<\/div>\n\t\t\t\t\t\t<\/div>\n\t\t\t\t\t<\/div>\n\t\t<\/div>\n\t\t\t\t\t\t\t\t<\/div>\n\t\t\t\t\t<\/div>\n\t\t<\/section>\n\t\t\t\t\t\t<\/div>\n\t\t\t\t\t\t<\/div>\n\t\t\t\t\t<\/div>\n\t\t","protected":false},"excerpt":{"rendered":"<p>Ev\u00e9nement professionnel Vous souhaitez cr\u00e9er un \u00e9v\u00e9nement original pour votre entreprise, \u00e0 l\u2019occasion d\u2019un s\u00e9minaire, d\u2019une soir\u00e9e annuelle ou de vos lancements de produit. Devis gratuit Nous contacter 06 88 60 91 96 &#8211; contact@unbarmanchezmoi.fr 91800 Brunoy<\/p>\n","protected":false},"author":1,"featured_media":0,"parent":0,"menu_order":0,"comment_status":"closed","ping_status":"closed","template":"","meta":[],"yoast_head":"<!-- This site is optimized with the Yoast SEO plugin v17.4 - https:\/\/yoast.com\/wordpress\/plugins\/seo\/ -->\n<title>\u00c9v\u00e9nement professionnel - Un barman chez moi<\/title>\n<meta name=\"robots\" content=\"index, follow, max-snippet:-1, max-image-preview:large, max-video-preview:-1\" \/>\n<link rel=\"canonical\" href=\"https:\/\/unbarmanchezmoi.fr\/index.php\/evenement-professionnel\/\" \/>\n<meta property=\"og:locale\" content=\"en_US\" \/>\n<meta property=\"og:type\" content=\"article\" \/>\n<meta property=\"og:title\" content=\"\u00c9v\u00e9nement professionnel - Un barman chez moi\" \/>\n<meta property=\"og:description\" content=\"Ev\u00e9nement professionnel Vous souhaitez cr\u00e9er un \u00e9v\u00e9nement original pour votre entreprise, \u00e0 l\u2019occasion d\u2019un s\u00e9minaire, d\u2019une soir\u00e9e annuelle ou de vos lancements de produit. Devis gratuit Nous contacter 06 88 60 91 96 &#8211; contact@unbarmanchezmoi.fr 91800 Brunoy\" \/>\n<meta property=\"og:url\" content=\"https:\/\/unbarmanchezmoi.fr\/index.php\/evenement-professionnel\/\" \/>\n<meta property=\"og:site_name\" content=\"Un barman chez moi\" \/>\n<meta property=\"article:modified_time\" content=\"2019-09-13T13:24:27+00:00\" \/>\n<meta property=\"og:image\" content=\"http:\/\/unbarmanchezmoi.fr\/wp-content\/uploads\/2019\/09\/pro1-480x400.jpg\" \/>\n<meta name=\"twitter:card\" content=\"summary_large_image\" \/>\n<script type=\"application\/ld+json\" class=\"yoast-schema-graph\">{\"@context\":\"https:\/\/schema.org\",\"@graph\":[{\"@type\":\"WebSite\",\"@id\":\"https:\/\/unbarmanchezmoi.fr\/#website\",\"url\":\"https:\/\/unbarmanchezmoi.fr\/\",\"name\":\"Un barman chez moi\",\"description\":\"Barman \\u00e0 domicile et \\u00e9v\\u00e8nementiel\",\"potentialAction\":[{\"@type\":\"SearchAction\",\"target\":{\"@type\":\"EntryPoint\",\"urlTemplate\":\"https:\/\/unbarmanchezmoi.fr\/?s={search_term_string}\"},\"query-input\":\"required name=search_term_string\"}],\"inLanguage\":\"en-US\"},{\"@type\":\"ImageObject\",\"@id\":\"https:\/\/unbarmanchezmoi.fr\/index.php\/evenement-professionnel\/#primaryimage\",\"inLanguage\":\"en-US\",\"url\":\"http:\/\/unbarmanchezmoi.fr\/wp-content\/uploads\/2019\/09\/pro1-480x400.jpg\",\"contentUrl\":\"http:\/\/unbarmanchezmoi.fr\/wp-content\/uploads\/2019\/09\/pro1-480x400.jpg\"},{\"@type\":\"WebPage\",\"@id\":\"https:\/\/unbarmanchezmoi.fr\/index.php\/evenement-professionnel\/#webpage\",\"url\":\"https:\/\/unbarmanchezmoi.fr\/index.php\/evenement-professionnel\/\",\"name\":\"\\u00c9v\\u00e9nement professionnel - Un barman chez moi\",\"isPartOf\":{\"@id\":\"https:\/\/unbarmanchezmoi.fr\/#website\"},\"primaryImageOfPage\":{\"@id\":\"https:\/\/unbarmanchezmoi.fr\/index.php\/evenement-professionnel\/#primaryimage\"},\"datePublished\":\"2019-09-02T14:09:22+00:00\",\"dateModified\":\"2019-09-13T13:24:27+00:00\",\"breadcrumb\":{\"@id\":\"https:\/\/unbarmanchezmoi.fr\/index.php\/evenement-professionnel\/#breadcrumb\"},\"inLanguage\":\"en-US\",\"potentialAction\":[{\"@type\":\"ReadAction\",\"target\":[\"https:\/\/unbarmanchezmoi.fr\/index.php\/evenement-professionnel\/\"]}]},{\"@type\":\"BreadcrumbList\",\"@id\":\"https:\/\/unbarmanchezmoi.fr\/index.php\/evenement-professionnel\/#breadcrumb\",\"itemListElement\":[{\"@type\":\"ListItem\",\"position\":1,\"name\":\"Home\",\"item\":\"https:\/\/unbarmanchezmoi.fr\/\"},{\"@type\":\"ListItem\",\"position\":2,\"name\":\"\\u00c9v\\u00e9nement professionnel\"}]}]}<\/script>\n<!-- \/ Yoast SEO plugin. -->","yoast_head_json":{"title":"\u00c9v\u00e9nement professionnel - Un barman chez moi","robots":{"index":"index","follow":"follow","max-snippet":"max-snippet:-1","max-image-preview":"max-image-preview:large","max-video-preview":"max-video-preview:-1"},"canonical":"https:\/\/unbarmanchezmoi.fr\/index.php\/evenement-professionnel\/","og_locale":"en_US","og_type":"article","og_title":"\u00c9v\u00e9nement professionnel - Un barman chez moi","og_description":"Ev\u00e9nement professionnel Vous souhaitez cr\u00e9er un \u00e9v\u00e9nement original pour votre entreprise, \u00e0 l\u2019occasion d\u2019un s\u00e9minaire, d\u2019une soir\u00e9e annuelle ou de vos lancements de produit. Devis gratuit Nous contacter 06 88 60 91 96 &#8211; contact@unbarmanchezmoi.fr 91800 Brunoy","og_url":"https:\/\/unbarmanchezmoi.fr\/index.php\/evenement-professionnel\/","og_site_name":"Un barman chez moi","article_modified_time":"2019-09-13T13:24:27+00:00","og_image":[{"url":"http:\/\/unbarmanchezmoi.fr\/wp-content\/uploads\/2019\/09\/pro1-480x400.jpg"}],"twitter_card":"summary_large_image","schema":{"@context":"https:\/\/schema.org","@graph":[{"@type":"WebSite","@id":"https:\/\/unbarmanchezmoi.fr\/#website","url":"https:\/\/unbarmanchezmoi.fr\/","name":"Un barman chez moi","description":"Barman \u00e0 domicile et \u00e9v\u00e8nementiel","potentialAction":[{"@type":"SearchAction","target":{"@type":"EntryPoint","urlTemplate":"https:\/\/unbarmanchezmoi.fr\/?s={search_term_string}"},"query-input":"required name=search_term_string"}],"inLanguage":"en-US"},{"@type":"ImageObject","@id":"https:\/\/unbarmanchezmoi.fr\/index.php\/evenement-professionnel\/#primaryimage","inLanguage":"en-US","url":"http:\/\/unbarmanchezmoi.fr\/wp-content\/uploads\/2019\/09\/pro1-480x400.jpg","contentUrl":"http:\/\/unbarmanchezmoi.fr\/wp-content\/uploads\/2019\/09\/pro1-480x400.jpg"},{"@type":"WebPage","@id":"https:\/\/unbarmanchezmoi.fr\/index.php\/evenement-professionnel\/#webpage","url":"https:\/\/unbarmanchezmoi.fr\/index.php\/evenement-professionnel\/","name":"\u00c9v\u00e9nement professionnel - Un barman chez moi","isPartOf":{"@id":"https:\/\/unbarmanchezmoi.fr\/#website"},"primaryImageOfPage":{"@id":"https:\/\/unbarmanchezmoi.fr\/index.php\/evenement-professionnel\/#primaryimage"},"datePublished":"2019-09-02T14:09:22+00:00","dateModified":"2019-09-13T13:24:27+00:00","breadcrumb":{"@id":"https:\/\/unbarmanchezmoi.fr\/index.php\/evenement-professionnel\/#breadcrumb"},"inLanguage":"en-US","potentialAction":[{"@type":"ReadAction","target":["https:\/\/unbarmanchezmoi.fr\/index.php\/evenement-professionnel\/"]}]},{"@type":"BreadcrumbList","@id":"https:\/\/unbarmanchezmoi.fr\/index.php\/evenement-professionnel\/#breadcrumb","itemListElement":[{"@type":"ListItem","position":1,"name":"Home","item":"https:\/\/unbarmanchezmoi.fr\/"},{"@type":"ListItem","position":2,"name":"\u00c9v\u00e9nement professionnel"}]}]}},"_links":{"self":[{"href":"https:\/\/unbarmanchezmoi.fr\/index.php\/wp-json\/wp\/v2\/pages\/85"}],"collection":[{"href":"https:\/\/unbarmanchezmoi.fr\/index.php\/wp-json\/wp\/v2\/pages"}],"about":[{"href":"https:\/\/unbarmanchezmoi.fr\/index.php\/wp-json\/wp\/v2\/types\/page"}],"author":[{"embeddable":true,"href":"https:\/\/unbarmanchezmoi.fr\/index.php\/wp-json\/wp\/v2\/users\/1"}],"replies":[{"embeddable":true,"href":"https:\/\/unbarmanchezmoi.fr\/index.php\/wp-json\/wp\/v2\/comments?post=85"}],"version-history":[{"count":6,"href":"https:\/\/unbarmanchezmoi.fr\/index.php\/wp-json\/wp\/v2\/pages\/85\/revisions"}],"predecessor-version":[{"id":293,"href":"https:\/\/unbarmanchezmoi.fr\/index.php\/wp-json\/wp\/v2\/pages\/85\/revisions\/293"}],"wp:attachment":[{"href":"https:\/\/unbarmanchezmoi.fr\/index.php\/wp-json\/wp\/v2\/media?parent=85"}],"curies":[{"name":"wp","href":"https:\/\/api.w.org\/{rel}","templated":true}]}}